{"id":232,"date":"2022-09-19T16:03:29","date_gmt":"2022-09-19T14:03:29","guid":{"rendered":"https:\/\/hinlauftendenz.de\/ehrenamt\/?post_type=citadela-item&#038;p=232"},"modified":"2023-08-22T09:58:51","modified_gmt":"2023-08-22T07:58:51","slug":"deutsche-alzheimer-gesellschaft-e-v","status":"publish","type":"citadela-item","link":"https:\/\/hinlauftendenz.de\/ehrenamt\/eintrag\/deutsche-alzheimer-gesellschaft-e-v\/","title":{"rendered":"Deutsche Alzheimer Gesellschaft e.V."},"content":{"rendered":"\n<h2 class=\"wp-block-heading has-text-color\" style=\"color:#363839;text-transform:uppercase\">Selbstdarstellung<\/h2>\n\n\n\n<p style=\"font-size:22px\">Die Deutsche Alzheimer Gesellschaft engagiert sich f\u00fcr ein besseres Leben mit Demenz. Wir unterst\u00fctzen und beraten Menschen mit Demenz und ihre Familien. Wir informieren die \u00d6ffentlichkeit \u00fcber die Erkrankung und wir setzen uns ein f\u00fcr eine bessere Diagnose und Behandlung, mehr kompetente Beratung vor Ort, eine gute Betreuung und Pflege sowie eine demenzfreundliche Gesellschaft.<\/p>\n\n\n\n<p style=\"font-size:22px\">Der Verein ist daher stets bestrebt, den Betroffenen aktiv zur Verbesserung ihrer Lebensqualit\u00e4t beizustehen.<\/p>\n\n\n\n<p style=\"font-size:20px\"><em>Quelle: <a href=\"https:\/\/www.deutsche-alzheimer.de\/\" target=\"_blank\" rel=\"noreferrer noopener\">Deutsche Alzheimer Gesellschaft e.V.<\/a><\/em><\/p>\n\n\n\n<div style=\"height:50px\" aria-hidden=\"true\" class=\"wp-block-spacer\"><\/div>\n\n\n\n<h2 class=\"wp-block-heading has-text-color\" style=\"color:#363839;text-transform:uppercase\">Pflegegrad mit Demenz<\/h2>\n\n\n\n<figure class=\"wp-block-embed aligncenter is-type-wp-embed is-provider-bundesweites-pflegenetzwerk wp-block-embed-bundesweites-pflegenetzwerk\"><div class=\"wp-block-embed__wrapper\">\n<blockquote class=\"wp-embedded-content\" data-secret=\"hO3Iergp8V\"><a href=\"https:\/\/www.bwpn.de\/pflegenetzwerk\/pflegeantrag-bei-demenz\/\" target=\"_blank\" rel=\"noopener\">Pflegeantrag bei Demenz<\/a><\/blockquote><iframe loading=\"lazy\" class=\"wp-embedded-content\" sandbox=\"allow-scripts\" security=\"restricted\" style=\"position: absolute; clip: rect(1px, 1px, 1px, 1px);\" title=\"&#8222;Pflegeantrag bei Demenz&#8220; &#8212; Bundesweites Pflegenetzwerk\" src=\"https:\/\/www.bwpn.de\/pflegenetzwerk\/pflegeantrag-bei-demenz\/embed\/#?secret=j6To5EkNR4#?secret=hO3Iergp8V\" data-secret=\"hO3Iergp8V\" width=\"500\" height=\"282\" frameborder=\"0\" marginwidth=\"0\" marginheight=\"0\" scrolling=\"no\"><\/iframe>\n<\/div><\/figure>\n","protected":false},"excerpt":{"rendered":"<p>Selbstdarstellung Die Deutsche Alzheimer Gesellschaft engagiert sich f\u00fcr ein besseres Leben mit Demenz. Wir unterst\u00fctzen und beraten Menschen mit Demenz und ihre Familien. Wir informieren die \u00d6ffentlichkeit \u00fcber die Erkrankung und wir setzen uns ein f\u00fcr eine bessere Diagnose und Behandlung, mehr kompetente Beratung vor Ort, eine gute Betreuung und Pflege sowie eine demenzfreundliche Gesellschaft. [&hellip;]<\/p>\n","protected":false},"author":1,"featured_media":0,"menu_order":0,"comment_status":"open","ping_status":"closed","template":"","meta":{"_citadela_hide_page_title":"","_citadela_remove_header_space":"","_citadela_custom_class":"","_citadela_ignore_special_page":false,"_citadela_page_template":"","_citadela_half_map_provider":"","_citadela_half_map_theme":"","_citadela_half_map_themeOSM":"","_citadela_half_map_customTheme":"","_citadela_half_map_dataType":"","_citadela_half_map_dynamicTrack":false,"_citadela_half_map_trackColor":"","_citadela_half_map_trackEndpointsColor":"","_citadela_half_map_filterCategory":"","_citadela_half_map_filterLocation":"","_citadela_half_map_filterFeatured":false,"_citadela_half_map_noDataBehavior":"empty-map","_citadela_half_map_noDataText":"","_citadela_half_map_clusterGridSize":80,"_citadela_header":false,"_citadela_header_over_content":false,"_citadela_header_text_color":"","_citadela_header_logo":[],"_citadela_header_bg_image":[],"_citadela_header_bg_position":[],"_citadela_header_bg_size":"","_citadela_header_bg_repeat":"","_citadela_header_bg_fixed":false,"_citadela_header_bg_color":"","_citadela_header_bg_image_overlay":"","_citadela_header_transparent_bg":false,"_citadela_content_width":"","_citadela_half_layout_position":""},"citadela-item-category":[5],"citadela-item-location":[9],"class_list":["post-232","citadela-item","type-citadela-item","status-publish","hentry","citadela-item-category-demenz","citadela-item-location-berlin"],"_links":{"self":[{"href":"https:\/\/hinlauftendenz.de\/ehrenamt\/wp-json\/wp\/v2\/citadela-item\/232","targetHints":{"allow":["GET"]}}],"collection":[{"href":"https:\/\/hinlauftendenz.de\/ehrenamt\/wp-json\/wp\/v2\/citadela-item"}],"about":[{"href":"https:\/\/hinlauftendenz.de\/ehrenamt\/wp-json\/wp\/v2\/types\/citadela-item"}],"author":[{"embeddable":true,"href":"https:\/\/hinlauftendenz.de\/ehrenamt\/wp-json\/wp\/v2\/users\/1"}],"replies":[{"embeddable":true,"href":"https:\/\/hinlauftendenz.de\/ehrenamt\/wp-json\/wp\/v2\/comments?post=232"}],"version-history":[{"count":3,"href":"https:\/\/hinlauftendenz.de\/ehrenamt\/wp-json\/wp\/v2\/citadela-item\/232\/revisions"}],"predecessor-version":[{"id":259,"href":"https:\/\/hinlauftendenz.de\/ehrenamt\/wp-json\/wp\/v2\/citadela-item\/232\/revisions\/259"}],"wp:attachment":[{"href":"https:\/\/hinlauftendenz.de\/ehrenamt\/wp-json\/wp\/v2\/media?parent=232"}],"wp:term":[{"taxonomy":"citadela-item-category","embeddable":true,"href":"https:\/\/hinlauftendenz.de\/ehrenamt\/wp-json\/wp\/v2\/citadela-item-category?post=232"},{"taxonomy":"citadela-item-location","embeddable":true,"href":"https:\/\/hinlauftendenz.de\/ehrenamt\/wp-json\/wp\/v2\/citadela-item-location?post=232"}],"curies":[{"name":"wp","href":"https:\/\/api.w.org\/{rel}","templated":true}]}}

<h2 class="wp-block-heading has-text-color" style="color:#363839;text-transform:uppercase">Selbstdarstellung</h2>



<p style="font-size:22px">Die Deutsche Alzheimer Gesellschaft engagiert sich für ein besseres Leben mit Demenz. Wir unterstützen und beraten Menschen mit Demenz und ihre Familien. Wir informieren die Öffentlichkeit über die Erkrankung und wir setzen uns ein für eine bessere Diagnose und Behandlung, mehr kompetente Beratung vor Ort, eine gute Betreuung und Pflege sowie eine demenzfreundliche Gesellschaft.</p>



<p style="font-size:22px">Der Verein ist daher stets bestrebt, den Betroffenen aktiv zur Verbesserung ihrer Lebensqualität beizustehen.</p>



<p style="font-size:20px"><em>Quelle: <a href="https://www.deutsche-alzheimer.de/" target="_blank" rel="noreferrer noopener">Deutsche Alzheimer Gesellschaft e.V.</a></em></p>



<div style="height:50px" aria-hidden="true" class="wp-block-spacer"></div>



<h2 class="wp-block-heading has-text-color" style="color:#363839;text-transform:uppercase">Pflegegrad mit Demenz</h2>



<figure class="wp-block-embed aligncenter is-type-wp-embed is-provider-bundesweites-pflegenetzwerk wp-block-embed-bundesweites-pflegenetzwerk"><div class="wp-block-embed__wrapper">
<blockquote class="wp-embedded-content" data-secret="hO3Iergp8V"><a href="https://www.bwpn.de/pflegenetzwerk/pflegeantrag-bei-demenz/" target="_blank" rel="noopener">Pflegeantrag bei Demenz</a></blockquote><iframe loading="lazy" class="wp-embedded-content" sandbox="allow-scripts" security="restricted" style="position: absolute; clip: rect(1px, 1px, 1px, 1px);" title="&#8222;Pflegeantrag bei Demenz&#8220; &#8212; Bundesweites Pflegenetzwerk" src="https://www.bwpn.de/pflegenetzwerk/pflegeantrag-bei-demenz/embed/#?secret=j6To5EkNR4#?secret=hO3Iergp8V" data-secret="hO3Iergp8V" width="500" height="282" frameborder="0" marginwidth="0" marginheight="0" scrolling="no"></iframe>
</div></figure>

<p>Selbstdarstellung Die Deutsche Alzheimer Gesellschaft engagiert sich für ein besseres Leben mit Demenz. Wir unterstützen und beraten Menschen mit Demenz und ihre Familien. Wir informieren die Öffentlichkeit über die Erkrankung und wir setzen uns ein für eine bessere Diagnose und Behandlung, mehr kompetente Beratung vor Ort, eine gute Betreuung und Pflege sowie eine demenzfreundliche Gesellschaft. [&hellip;]</p>
