{"id":64,"date":"2021-12-03T16:00:24","date_gmt":"2021-12-03T15:00:24","guid":{"rendered":"https:\/\/hinlauftendenz.de\/ehrenamt\/?page_id=64"},"modified":"2021-12-03T16:00:24","modified_gmt":"2021-12-03T15:00:24","slug":"impressum","status":"publish","type":"page","link":"https:\/\/hinlauftendenz.de\/ehrenamt\/impressum\/","title":{"rendered":"Impressum"},"content":{"rendered":"\n<p class=\"eplus-xF3mhm\">Die Domain www.hinlauftendenz.de geh\u00f6rt<\/p>\n\n\n\n<p class=\"eplus-4v5HHL has-medium-font-size\">Vital &amp; Aktiv Pflegeberatung<br>Fahrenkr\u00f6n 35b<br>22179 Hamburg<\/p>\n\n\n\n<p class=\"eplus-TdK8KL has-medium-font-size\">Tel.: 040\/609 468 4-98<br>Fax.: 040\/609 468 4-99<\/p>\n\n\n\n<p class=\"eplus-zpd35b has-medium-font-size\"><strong>Umsatzsteuer-Identifikationsnummer gem\u00e4\u00df \u00a7 27a UStG.:<\/strong><br>USt.-IdNr.: DE245582404<\/p>\n\n\n\n<p class=\"eplus-vjp9dX has-medium-font-size\"><strong>Inhaber und verantwortlich f\u00fcr den Inhalt:<\/strong><br>J\u00f6rg Kr\u00f6ning<\/p>\n\n\n\n<p class=\"eplus-wWNwGr has-medium-font-size\"><strong>Bankverbindung:<\/strong><br>Bankinstitut: HypoVereinsbank<br>Kontoinhaber: J\u00f6rg Kr\u00f6ning<br>Bankleitzahl: 200 300 00<br>Konto-Nr.: 617 732 425<\/p>\n\n\n\n<p class=\"eplus-m78PI3 has-medium-font-size\">IBAN: DE04200300000617732425<br>BIC: HYVEDEMM300<\/p>\n\n\n\n<p class=\"eplus-6ry0KY has-medium-font-size\"><strong>Rechtliche Hinweise:<\/strong><\/p>\n\n\n\n<p class=\"eplus-C6O1wf has-medium-font-size\">Alle Informationen auf dieser Website werden zur allgemeinen Information \u00fcber Vital &amp; Aktiv Pflegeberatung und den angebotenenen Services bereitgestellt.<\/p>\n\n\n\n<p class=\"eplus-RugIub has-medium-font-size\">Alle Angaben auf unser Website wurden sorgf\u00e4ltig gepr\u00fcft. Wir bem\u00fchen uns, dieses Angebot st\u00e4ndig zu erweitern und zu aktualisieren.&nbsp;<em>Vital &amp; Aktiv Pflegeberatung<\/em>&nbsp;\u00fcbernimmt jedoch keine Gew\u00e4hr f\u00fcr die Richtigkeit, Vollst\u00e4ndigkeit und Aktualit\u00e4t dieser Website. F\u00fcr Sch\u00e4den, die im Zusammenhang mit den bereitgestellten Informationen stehen, wird keine Haftung \u00fcbernommen.<\/p>\n\n\n\n<p class=\"eplus-2iTzBe has-medium-font-size\">Die einzelnen Inhalte stellen weder eine individuelle Beratung, noch eine Empfehlung dar. F\u00fcr eine auf Sie pers\u00f6nlich zugeschnittene Empfehlung setzen Sie sich bitte mit uns in Verbindung.<\/p>\n\n\n\n<p class=\"eplus-S2Nrji has-medium-font-size\"><em> <em>Vital &amp; Aktiv Pflegeberatung<\/em><\/em>&nbsp;hat keinerlei Einfluss auf die aktuelle und zuk\u00fcnftige Gestaltung der Inhalte der gelinkten und\/oder verkn\u00fcpften Seiten.&nbsp;<em> <em>Vital &amp; Aktiv Pflegeberatung<\/em> <\/em>distanziert sich hiermit ausdr\u00fccklich von den Inhalten aller gelinkten und\/oder verkn\u00fcpften Seiten. Diese Feststellung gilt f\u00fcr alle innerhalb des eigenen Internetangebotes gesetzten Links und Verweise sowie f\u00fcr Fremdeintr\u00e4ge.<\/p>\n\n\n\n<p class=\"eplus-URmdQS has-medium-font-size\">F\u00fcr illegale, fehlerhafte oder unvollst\u00e4ndige Inhalte auf den verlinkten Seiten und insbesondere f\u00fcr Sch\u00e4den, die aus der Nutzung oder Nichtnutzung solcher dargebotenen Informationen entstehen, ist die Haftung durch&nbsp;<em> <em>Vital &amp; Aktiv Pflegeberatung<\/em><\/em> ausgeschlossen.<\/p>\n\n\n\n<p class=\"eplus-6KnZx7 has-medium-font-size\"><em> <em>Vital &amp; Aktiv Pflegeberatung<\/em><\/em>&nbsp;beh\u00e4lt sich das Recht vor, diese Seiten ohne vorherige Ank\u00fcndigung zu \u00e4ndern und zu aktualisieren. Eine diesbez\u00fcgliche Haftung ist ausgeschlossen.<\/p>\n\n\n\n<p class=\"eplus-AThGLm has-medium-font-size\">Diese Website wird auf einem Server in Deutschland bereitgestellt.<\/p>\n\n\n\n<p class=\"eplus-Dh1YqU has-medium-font-size\">Alle Produkt- und Markennamen sind Warenzeichen der jeweiligen Anbieter oder Hersteller.&nbsp;Die Abbildungen sind Beispielabbildungen, die im Erscheinungsbild von der gelieferten Ware abweichen k\u00f6nnen.<\/p>\n","protected":false},"excerpt":{"rendered":"<p>Die Domain www.hinlauftendenz.de geh\u00f6rt Vital &amp; Aktiv PflegeberatungFahrenkr\u00f6n 35b22179 Hamburg Tel.: 040\/609 468 4-98Fax.: 040\/609 468 4-99 Umsatzsteuer-Identifikationsnummer gem\u00e4\u00df \u00a7 27a UStG.:USt.-IdNr.: DE245582404 Inhaber und verantwortlich f\u00fcr den Inhalt:J\u00f6rg Kr\u00f6ning Bankverbindung:Bankinstitut: HypoVereinsbankKontoinhaber: J\u00f6rg Kr\u00f6ningBankleitzahl: 200 300 00Konto-Nr.: 617 732 425 IBAN: DE04200300000617732425BIC: HYVEDEMM300 Rechtliche Hinweise: Alle Informationen auf dieser Website werden zur allgemeinen Information \u00fcber [&hellip;]<\/p>\n","protected":false},"author":1,"featured_media":0,"parent":0,"menu_order":0,"comment_status":"closed","ping_status":"closed","template":"","meta":{"_citadela_hide_page_title":"","_citadela_remove_header_space":"","_citadela_custom_class":"","_citadela_half_map_provider":"","_citadela_half_map_theme":"","_citadela_half_map_themeOSM":"","_citadela_half_map_customTheme":"","_citadela_half_map_dataType":"","_citadela_half_map_dynamicTrack":false,"_citadela_half_map_trackColor":"","_citadela_half_map_trackEndpointsColor":"","_citadela_half_map_filterCategory":"","_citadela_half_map_filterLocation":"","_citadela_half_map_filterFeatured":false,"_citadela_half_map_noDataBehavior":"empty-map","_citadela_half_map_noDataText":"","_citadela_half_map_clusterGridSize":80,"_citadela_header":false,"_citadela_header_over_content":false,"_citadela_header_text_color":"","_citadela_header_logo":[],"_citadela_header_bg_image":[],"_citadela_header_bg_position":[],"_citadela_header_bg_size":"","_citadela_header_bg_repeat":"","_citadela_header_bg_fixed":false,"_citadela_header_bg_color":"","_citadela_header_bg_image_overlay":"","_citadela_header_transparent_bg":false,"_citadela_content_width":"","_citadela_half_layout_position":"","footnotes":""},"class_list":["post-64","page","type-page","status-publish","hentry"],"_links":{"self":[{"href":"https:\/\/hinlauftendenz.de\/ehrenamt\/wp-json\/wp\/v2\/pages\/64","targetHints":{"allow":["GET"]}}],"collection":[{"href":"https:\/\/hinlauftendenz.de\/ehrenamt\/wp-json\/wp\/v2\/pages"}],"about":[{"href":"https:\/\/hinlauftendenz.de\/ehrenamt\/wp-json\/wp\/v2\/types\/page"}],"author":[{"embeddable":true,"href":"https:\/\/hinlauftendenz.de\/ehrenamt\/wp-json\/wp\/v2\/users\/1"}],"replies":[{"embeddable":true,"href":"https:\/\/hinlauftendenz.de\/ehrenamt\/wp-json\/wp\/v2\/comments?post=64"}],"version-history":[{"count":1,"href":"https:\/\/hinlauftendenz.de\/ehrenamt\/wp-json\/wp\/v2\/pages\/64\/revisions"}],"predecessor-version":[{"id":65,"href":"https:\/\/hinlauftendenz.de\/ehrenamt\/wp-json\/wp\/v2\/pages\/64\/revisions\/65"}],"wp:attachment":[{"href":"https:\/\/hinlauftendenz.de\/ehrenamt\/wp-json\/wp\/v2\/media?parent=64"}],"curies":[{"name":"wp","href":"https:\/\/api.w.org\/{rel}","templated":true}]}}

<p class="eplus-xF3mhm">Die Domain www.hinlauftendenz.de gehört</p>



<p class="eplus-4v5HHL has-medium-font-size">Vital &amp; Aktiv Pflegeberatung<br>Fahrenkrön 35b<br>22179 Hamburg</p>



<p class="eplus-TdK8KL has-medium-font-size">Tel.: 040/609 468 4-98<br>Fax.: 040/609 468 4-99</p>



<p class="eplus-zpd35b has-medium-font-size"><strong>Umsatzsteuer-Identifikationsnummer gemäß § 27a UStG.:</strong><br>USt.-IdNr.: DE245582404</p>



<p class="eplus-vjp9dX has-medium-font-size"><strong>Inhaber und verantwortlich für den Inhalt:</strong><br>Jörg Kröning</p>



<p class="eplus-wWNwGr has-medium-font-size"><strong>Bankverbindung:</strong><br>Bankinstitut: HypoVereinsbank<br>Kontoinhaber: Jörg Kröning<br>Bankleitzahl: 200 300 00<br>Konto-Nr.: 617 732 425</p>



<p class="eplus-m78PI3 has-medium-font-size">IBAN: DE04200300000617732425<br>BIC: HYVEDEMM300</p>



<p class="eplus-6ry0KY has-medium-font-size"><strong>Rechtliche Hinweise:</strong></p>



<p class="eplus-C6O1wf has-medium-font-size">Alle Informationen auf dieser Website werden zur allgemeinen Information über Vital &amp; Aktiv Pflegeberatung und den angebotenenen Services bereitgestellt.</p>



<p class="eplus-RugIub has-medium-font-size">Alle Angaben auf unser Website wurden sorgfältig geprüft. Wir bemühen uns, dieses Angebot ständig zu erweitern und zu aktualisieren.&nbsp;<em>Vital &amp; Aktiv Pflegeberatung</em>&nbsp;übernimmt jedoch keine Gewähr für die Richtigkeit, Vollständigkeit und Aktualität dieser Website. Für Schäden, die im Zusammenhang mit den bereitgestellten Informationen stehen, wird keine Haftung übernommen.</p>



<p class="eplus-2iTzBe has-medium-font-size">Die einzelnen Inhalte stellen weder eine individuelle Beratung, noch eine Empfehlung dar. Für eine auf Sie persönlich zugeschnittene Empfehlung setzen Sie sich bitte mit uns in Verbindung.</p>



<p class="eplus-S2Nrji has-medium-font-size"><em> <em>Vital &amp; Aktiv Pflegeberatung</em></em>&nbsp;hat keinerlei Einfluss auf die aktuelle und zukünftige Gestaltung der Inhalte der gelinkten und/oder verknüpften Seiten.&nbsp;<em> <em>Vital &amp; Aktiv Pflegeberatung</em> </em>distanziert sich hiermit ausdrücklich von den Inhalten aller gelinkten und/oder verknüpften Seiten. Diese Feststellung gilt für alle innerhalb des eigenen Internetangebotes gesetzten Links und Verweise sowie für Fremdeinträge.</p>



<p class="eplus-URmdQS has-medium-font-size">Für illegale, fehlerhafte oder unvollständige Inhalte auf den verlinkten Seiten und insbesondere für Schäden, die aus der Nutzung oder Nichtnutzung solcher dargebotenen Informationen entstehen, ist die Haftung durch&nbsp;<em> <em>Vital &amp; Aktiv Pflegeberatung</em></em> ausgeschlossen.</p>



<p class="eplus-6KnZx7 has-medium-font-size"><em> <em>Vital &amp; Aktiv Pflegeberatung</em></em>&nbsp;behält sich das Recht vor, diese Seiten ohne vorherige Ankündigung zu ändern und zu aktualisieren. Eine diesbezügliche Haftung ist ausgeschlossen.</p>



<p class="eplus-AThGLm has-medium-font-size">Diese Website wird auf einem Server in Deutschland bereitgestellt.</p>



<p class="eplus-Dh1YqU has-medium-font-size">Alle Produkt- und Markennamen sind Warenzeichen der jeweiligen Anbieter oder Hersteller.&nbsp;Die Abbildungen sind Beispielabbildungen, die im Erscheinungsbild von der gelieferten Ware abweichen können.</p>

<p>Die Domain www.hinlauftendenz.de gehört Vital &amp; Aktiv PflegeberatungFahrenkrön 35b22179 Hamburg Tel.: 040/609 468 4-98Fax.: 040/609 468 4-99 Umsatzsteuer-Identifikationsnummer gemäß § 27a UStG.:USt.-IdNr.: DE245582404 Inhaber und verantwortlich für den Inhalt:Jörg Kröning Bankverbindung:Bankinstitut: HypoVereinsbankKontoinhaber: Jörg KröningBankleitzahl: 200 300 00Konto-Nr.: 617 732 425 IBAN: DE04200300000617732425BIC: HYVEDEMM300 Rechtliche Hinweise: Alle Informationen auf dieser Website werden zur allgemeinen Information über [&hellip;]</p>
